31
Calculate the remainder when 474 is divided by 14.
12
Calculate the remainder when 672 is divided by 220.
12
Calculate the remainder when 484 is divided by 14.
8
Calculate the remainder when 1048 is divided by 18.
4
What is the remainder when 164 is divided by 19?
12
Calculate the remainder when 648 is divided by 131.
124
Calculate the remainder when 99 is divided by 25.
24
What is the remainder when 1965 is divided by 82?
79
What is the remainder when 12685 is divided by 15?
10
What is the remainder when 4007 is divided by 19?
17
Calculate the remainder when 1775 is divided by 20.
15
Calculate the remainder when 260 is divided by 89.
82
What is the remainder when 299 is divided by 38?
33
What is the remainder when 1866 is divided by 318?
276
Calculate the remainder when 967 is divided by 159.
13
Calculate the remainder when 479 is divided by 32.
31
What is the remainder when 35 is divided by 22?
13
Calculate the remainder when 1665 is divided by 27.
18
Calculate the remainder when 101 is divided by 19.
6
What is the remainder when 3420 is divided by 1137?
9
Calculate the remainder when 13833 is divided by 4.
1
Calculate the remainder when 3586 is divided by 75.
61
What is the remainder when 395 is divided by 63?
17
What is the remainder when 1194 is divided by 169?
11
What is the remainder when 135 is divided by 48?
39
What is the remainder when 36 is divided by 23?
13
What is the remainder when 581 is divided by 53?
51
Calculate the remainder when 87 is divided by 45.
42
Calculate the remainder when 108 is divided by 5.
3
What is the remainder when 1415 is divided by 6?
5
What is the remainder when 2078 is divided by 9?
8
What is the remainder when 229 is divided by 41?
24
Calculate the remainder when 783 is divided by 50.
33
What is the remainder when 694 is divided by 254?
186
What is the remainder when 131 is divided by 18?
5
Calculate the remainder when 230 is divided by 78.
74
What is the remainder when 21 is divided by 21?
0
What is the remainder when 419 is divided by 15?
14
What is the remainder when 2693 is divided by 35?
33
What is the remainder when 422 is divided by 6?
2
What is the remainder when 189 is divided by 67?
55
Calculate the remainder when 96 is divided by 87.
9
Calculate the remainder when 301 is divided by 17.
12
What is the remainder when 60 is divided by 16?
12
Calculate the remainder when 64 is divided by 28.
8
What is the remainder when 161 is divided by 63?
35
Calculate the remainder when 173 is divided by 51.
20
Calculate the remainder when 4813 is divided by 33.
28
Calculate the remainder when 116 is divided by 113.
3
What is the remainder when 1054 is divided by 53?
47
What is the remainder when 325 is divided by 157?
11
What is the remainder when 6 is divided by 4?
2
What is the remainder when 12406 is divided by 21?
16
Calculate the remainder when 345 is divided by 28.
9
What is the remainder when 296 is divided by 15?
11
Calculate the remainder when 134 is divided by 38.
20
What is the remainder when 199 is divided by 57?
28
Calculate the remainder when 85 is divided by 30.
25
What is the remainder when 364 is divided by 61?
59
Calculate the remainder when 595 is divided by 282.
31
Calculate the remainder when 656 is divided by 94.
92
What is the remainder when 748 is divided by 30?
28
Calculate the remainder when 68 is divided by 55.
13
Calculate the remainder when 7477 is divided by 20.
17
Calculate the remainder when 147 is divided by 87.
60
Calculate the remainder when 740 is divided by 19.
18
What is the remainder when 965 is divided by 14?
13
What is the remainder when 2590 is divided by 53?
46
What is the remainder when 18511 is divided by 89?
88
Calculate the remainder when 622 is divided by 55.
17
Calculate the remainder when 85 is divided by 45.
40
Calculate the remainder when 594 is divided by 147.
6
What is the remainder when 338 is divided by 17?
15
Calculate the remainder when 29 is divided by 9.
2
Calculate the remainder when 4589 is divided by 135.
134
What is the remainder when 913 is divided by 45?
13
Calculate the remainder when 189 is divided by 49.
42
What is the remainder when 142 is divided by 36?
34
Calculate the remainder when 6608 is divided by 116.
112
What is the remainder when 126 is divided by 10?
6
Calculate the remainder when 46 is divided by 4.
2
What is the remainder when 117 is divided by 33?
18
What is the remainder when 2725 is divided by 2725?
0
What is the remainder when 844 is divided by 230?
154
Calculate the remainder when 19 is divided by 4.
3
What is the remainder when 100 is divided by 72?
28
What is the remainder when 6014 is divided by 94?
92
What is the remainder when 536 is divided by 54?
50
What is the remainder when 18 is divided by 5?
3
What is the remainder when 39 is divided by 10?
9
Calculate the remainder when 1356 is divided by 408.
132
Calculate the remainder when 8758 is divided by 41.
25
What is the remainder when 1315 is divided by 335?
310
What is the remainder when 661 is divided by 94?
3
Calculate the remainder when 4634 is divided by 45.
44
Calculate the remainder when 47 is divided by 17.
13
Calculate the remainder when 3887 is divided by 36.
35
Calculate the remainder when 297 is divided by 15.
12
What is the remainder when 420 is divided by 112?
84
Calculate the remainder when 716 is divided by 356.
4
Calculate the remainder when 1271 is divided by 13.
10
What is the remainder when 49 is divided by 25?
24
What is the remainder when 1724 is divided by 286?
8
What is the remainder when 381 is divided by 32?
29
What is the remainder when 926 is divided by 859?
67
Calculate the remainder when 3528 is divided by 1758.
12
Calculate the remainder when 360 is divided by 47.
31
Calculate the remainder when 3326 is divided by 256.
254
What is the remainder when 2237 is divided by 102?
95
Calculate the remainder when 103 is divided by 26.
25
What is the remainder when 700 is divided by 229?
13
Calculate the remainder when 1429 is divided by 357.
1
What is the remainder when 88 is divided by 25?
13
Calculate the remainder when 461 is divided by 86.
31
What is the remainder when 216 is divided by 74?
68
What is the remainder when 182 is divided by 29?
8
What is the remainder when 224 is divided by 30?
14
Calculate the remainder when 604 is divided by 38.
34
Calculate the remainder when 28 is divided by 16.
12
What is the remainder when 1487 is divided by 8?
7
What is the remainder when 2602 is divided by 137?
136
What is the remainder when 295 is divided by 37?
36
What is the remainder when 76 is divided by 36?
4
What is the remainder when 156 is divided by 5?
1
Calculate the remainder when 338 is divided by 84.
2
Calculate the remainder when 47 is divided by 5.
2
Calculate the remainder when 23619 is divided by 254.
251
Calculate the remainder when 76 is divided by 11.
10
What is the remainder when 351 is divided by 60?
51
What is the remainder when 770 is divided by 9?
5
Calculate the remainder when 103 is divided by 14.
5
What is the remainder when 3443 is divided by 42?
41
Calculate the remainder when 679 is divided by 335.
9
Calculate the remainder when 1733 is divided by 56.
53
What is the remainder when 2854 is divided by 68?
66
Calculate the remainder when 249 is divided by 50.
49
Calculate the remainder when 3770 is divided by 34.
30
Calculate the remainder when 1490 is divided by 21.
20
What is the remainder when 159 is divided by 32?
31
Calculate the remainder when 18 is divided by 3.
0
Calculate the remainder when 387 is divided by 203.
184
What is the remainder when 969 is divided by 13?
7
Calculate the remainder when 42 is divided by 6.
0
Calculate the remainder when 598 is divided by 76.
66
What is the remainder when 145 is divided by 36?
1
Calculate the remainder when 770 is divided by 111.
104
Calculate the remainder when 192 is divided by 19.
2
Calculate the remainder when 212 is divided by 37.
27
Calculate the remainder when 220 is divided by 84.
52
Calculate the remainder when 745 is divided by 5.
0
Calculate the remainder when 378 is divided by 187.
4
What is the remainder when 164 is divided by 85?
79
Calculate the remainder when 504 is divided by 102.
96
What is the remainder when 1616 is divided by 44?
32
What is the rem